o base 10.
-188
Convert -53676 (base 8) to base 6.
-251554
Convert -368c (base 14) to base 5.
-301112
What is 855 (base 11) in base 2?
10000000100
4e (base 16) to base 4
1032
405 (base 8) to base 12
199
What is -21445 (base 6) in base 8?
-5645
26 (base 8) to base 9
24
What is -e86 (base 16) in base 14?
-14d8
Convert 9293 (base 14) to base 16.
6281
Convert 3065 (base 10) to base 3.
11012112
Convert 1696 (base 15) to base 8.
11402
What is 1000011100010110 (base 2) in base 14?
c862
What is 20238 (base 9) in base 14?
4bd5
-12017 (base 8) to base 5
-131020
Convert -5e (base 15) to base 3.
-10022
-83e (base 15) to base 13
-b00
Convert -559 (base 10) to base 8.
-1057
1083 (base 9) to base 10
804
What is -21032 (base 4) in base 11?
-497
-1938 (base 16) to base 12
-38a0
What is -39c (base 13) in base 12?
-450
-110111110 (base 2) to base 5
-3241
7b47 (base 15) to base 16
6637
What is a51 (base 16) in base 15?
bb1
-1013 (base 5) to base 9
-157
18849 (base 10) to base 12
aaa9
What is -1032124 (base 5) in base 8?
-42575
What is -266152 (base 7) in base 14?
-143d2
Convert -3500 (base 9) to base 14.
-d32
What is -21433 (base 6) in base 14?
-1125
-6657 (base 8) to base 10
-3503
What is 4634 (base 10) in base 5?
122014
What is 2aa3 (base 11) in base 2?
111110010001
What is -23395 (base 13) in base 5?
-4024332
What is a002 (base 11) in base 2?
11010000000000
Convert -4b7 (base 15) to base 14.
-568
-5555 (base 9) to base 5
-112400
-323 (base 8) to base 13
-133
Convert 58 (base 11) to base 5.
223
Convert -10d0 (base 14) to base 6.
-21314
62306 (base 7) to base 2
11101110001101
What is -570 (base 12) in base 4?
-30210
1a195 (base 11) to base 16
6e10
-894 (base 10) to base 16
-37e
Convert -244312 (base 5) to base 10.
-9332
4945 (base 10) to base 14
1b33
Convert 77b (base 13) to base 7.
3514
2403 (base 13) to base 12
2b29
What is 12b (base 14) in base 2?
11101011
Convert -10111000110 (base 2) to base 15.
-688
-298 (base 13) to base 12
-327
What is -bb1b (base 12) in base 6?
-235235
62a8 (base 11) to base 2
10000010011010
What is 10300 (base 5) in base 3?
221221
What is 53 (base 6) in base 7?
45
What is 504 (base 14) in base 2?
1111011000
What is 1d4 (base 15) in base 8?
650
Convert -303022 (base 6) to base 7.
-126641
What is 101000000101010 (base 2) in base 7?
113555
Convert 100110100 (base 2) to base 13.
1a9
Convert -4635 (base 7) to base 6.
-11500
What is 1821 (base 11) in base 3?
10012000
Convert 356 (base 16) to base 5.
11404
10010101101011 (base 2) to base 10
9579
Convert 2120 (base 7) to base 3.
1000202
-76 (base 12) to base 16
-5a
Convert -2011101110 (base 3) to base 14.
-11724
Convert -210310 (base 5) to base 10.
-6955
Convert 2e1 (base 15) to base 8.
1225
What is 4532 (base 6) in base 8?
2050
-62b (base 12) to base 11
-748
Convert -1000203 (base 5) to base 14.
-59dc
Convert -651 (base 9) to base 16.
-214
Convert -780 (base 12) to base 16.
-450
Convert 4144 (base 6) to base 7.
2464
What is 13130 (base 4) in base 3?
122122
What is -6184 (base 9) in base 10?
-4531
What is 10000011111110 (base 2) in base 9?
12524
-4624 (base 7) to base 3
-2022101
-602 (base 8) to base 9
-468
What is -697 (base 14) in base 3?
-1210111
-aea (base 15) to base 2
-100110100110
Convert 301 (base 14) to base 6.
2421
What is -6d6c (base 16) in base 5?
-1344022
Convert e6c (base 15) to base 10.
3252
Convert -1001001000001 (base 2) to base 10.
-4673
What is -6243 (base 7) in base 8?
-4213
What is -4030433 (base 5) in base 12?
-313a5
21a3 (base 11) to base 4
231100
What is d8a (base 15) in base 8?
5757
What is 101001111111 (base 2) in base 7?
10556
What is 1891 (base 15) in base 3?
21021201
Convert 9883 (base 13) to base 12.
10354
-725 (base 10) to base 12
-505
343 (base 16) to base 9
1127
-16594 (base 12) to base 14
-b8d2
173222 (base 8) to base 5
4004442
Convert 1b4 (base 14) to base 2.
101100010
What is 65b3 (base 13) in base 9?
21387
What is -392 (base 11) in base 14?
-252
What is 732 (base 9) in base 6?
2432
What is 51 (base 6) in base 2?
11111
Convert 1122211 (base 3) to base 8.
2272
What is -ca8a (base 15) in base 7?
-236005
Convert -304 (base 5) to base 8.
-117
What is -5110 (base 8) in base 15?
-ba7
Convert -88a (base 12) to base 10.
-1258
Convert 1106 (base 9) to base 16.
330
2213 (base 6) to base 8
1001
What is -5a1 (base 16) in base 2?
-10110100001
What is 32522 (base 6) in base 10?
4514
What is -4178 (base 13) in base 14?
-342c
1472 (base 10) to base 13
893
10010110001011 (base 2) to base 5
301421
Convert 14038 (base 9) to base 8.
22450
What is -412 (base 11) in base 10?
-497
What is 10122000 (base 3) in base 16?
a56
-335061 (base 7) to base 6
-1134530
Convert -6442 (base 7) to base 2.
-100011101100
-23 (base 10) to base 2
-10111
1012122200 (base 3) to base 11
16981
-5651 (base 7) to base 15
-915
-21112 (base 3) to base 12
-14b
Convert -1322112 (base 4) to base 14.
-2bd4
-12826 (base 12) to base 7
-133656
What is 1083 (base 9) in base 12?
570
-b744 (base 14) to base 11
-21832
Convert -c6 (base 16) to base 5.
-1243
What is -101132 (base 5) in base 7?
-12412
What is -224440 (base 5) in base 4?
-1332320
47663 (base 8) to base 12
b983
Convert 10100011101 (base 2) to base 9.
1714
What is 111001011010000 (base 2) in base 13?
104bc
Convert -454c (base 13) to base 3.
-111022011
11023132 (base 4) to base 3
1002002201
What is -13200 (base 9) in base 3?
-110020000
45033 (base 6) to base 15
1ce0
What is -326 (base 10) in base 3?
-110002
65a (base 12) to base 15
424
Convert -14664 (base 11) to base 12.
-10021
What is 302 (base 16) in base 11?
640
Convert 1000032 (base 4) to base 14.
16d8
-102312133 (base 4) to base 14
-201d5
Convert -1322 (base 15) to base 16.
-ff2
1212200020 (base 3) to base 16
904e
-2346 (base 10) to base 11
-1843
-5329 (base 13) to base 12
-6807
Convert 71071 (base 8) to base 16.
7239
Convert c62 (base 15) to base 11.
2109
17902 (base 10) to base 14
674a
1a1 (base 11) to base 9
277
Convert 220120 (base 4) to base 2.
101000011000
Convert -169 (base 11) to base 5.
-1241
Convert -703 (base 9) to base 12.
-3b6
-8294 (base 11) to base 4
-2223301
Convert -f78c (base 16) to base 5.
-4011442
Convert -30b (base 13) to base 9.
-635
What is 54433 (base 7) in base 16?
351d
-1030241 (base 5) to base 11
-12224
Convert -3533 (base 8) to base 12.
-110b
Convert b4a2 (base 12) to base 16.
4cfa
1000110001100111 (base 2) to base 11
25006
Convert -22706 (base 9) to base 12.
-8929
Convert -8245 (base 12) to base 3.
-201102122
b88 (base 12) to base 16
698
Convert -20100 (base 6) to base 14.
-d5a
f8 (base 16) to base 7
503
What is b92 (base 16) in base 13?
146b
-103330 (base 5) to base 6
-24342
What is -abba (base 15) in base 14?
-d3a0
What is -2203 (base 10) in base 9?
-3017
Convert -1100100001000 (base 2) to base 5.
-201113
Convert -211211210 (base 3) to base 2.
-100000100001101
Convert 13155 (base 7) to base 8.
6677
-c35 (base 16) to base 10
-3125
Convert 6908 (base 15) to base 11.
15818
Convert -22320 (base 4) to base 5.
-10241
What is 20113 (base 4) in base 7?
1363
What is -1704 (base 12) in base 10?
-2740
What is 665 (base 12) in base 8?
1655
What is -bef (base 16) in base 12?
-1927
Convert 10444 (base 6) to base 15.
67d
-32021 (base 4) to base 7
-2432
Convert 233 (base 5) to base 3.
2112
Convert 1487 (base 9) to base 5.
14012
Convert 13e7 (base 15) to base 16.
10ab
-11110011000 (base 2) to base 11
-1508
-11010111000110 (base 2) to base 9
-20785
What is -7244 (base 8) in base 10?
-3748
4a92 (base 12) to base 15
2792
What is 645 (base 7) in base 4?
11013
Convert -6416 (base 7) to base 6.
-14255
934 (base 12) to base 6
10104
6126 (base 8) to base 9
4288
Convert -7c1 (base 13) to base 16.
-53c
104130 (base 6) to base 11
6594
Convert 2364 (base 13) to base 6.
35023
-8645 (base 9) to base 11
-4861
Convert -4120 (base 6) to base 2.
-1110010000
What is 112101221 (base 3) in base 9?
15357
Convert 1000000000011111 (base 2) to base 11.
22708
Convert 8287 (base 10) to base 7.
33106
Convert -35a2 (base 13) to base 12.
-4468
What is -4334 (base 9) in base 3?
-11101011
What is 2114 (base 12) in base 15?
1111
What is -943 (base 16) in base 15?
-a81
What is -b14 (base 15) in base 9?
-3371
What is 44 (base 8) in base 15?
26
Convert -15a (base 16) to base 5.
-2341
Convert -1333334 (base 5) to base 7